is b(z)?
-16
Let u(d) = -d**3 + 10*d**2 - 8*d - 5. Let q be u(9). Let g(l) = -5*l**2 + 7*l + 221. Let j(r) = 4*r**2 - 5*r - 166. Let w(c) = -3*g(c) - 4*j(c). What is w(q)?
-19
Let g(a) = 1 - 11*a - a**2 + 14*a + 0 + 2*a**2. Let h be g(-3). Suppose 4*n - 3*n = -h. Let t(z) = -5*z + 1. What is t(n)?
6
Let i(s) = -92*s + 23 + 142*s - 26*s - 22*s. What is i(-10)?
3
Let y(a) = -2 + 4*a - 2*a + a. Suppose -5*l = 4*x + 52, -8*l - x = -12*l - 29. Give y(l).
-26
Let r(k) = -2*k - 138*k**3 + 139*k**3 + 6*k**2 + 2 + 9*k. Let l(j) = j**2 - 6*j**3 - j**2 - j + 11*j**3 - j**2. Let c be l(-1). Determine r(c).
-8
Let y(k) be the first derivative of -k**3/3 - k**2/2 - k - 602. Give y(-2).
-3
Let f(z) = -z**3 - 13*z**2 - 5*z + 10. Suppose 36*x - 95 = -299 - 228. Give f(x).
-74
Let n(o) be the second derivative of 13*o**5/60 - o**4/24 + o**3/3 - 38*o**2 + 107*o. Let u(c) be the first derivative of n(c). Calculate u(1).
14
Suppose 0 = 3*f - 6, 5*x - 85 = 50*f - 55*f. Let p(h) = -8*h + 127. Give p(x).
7
Let u(s) = 14*s + 1. Let r = 7 + -15. Let w(b) = 2*b**3 - 65*b**2 - 77*b**2 - 7 + 132*b**2 - 5*b**3 + 2*b**3 - 17*b. Let d be w(r). Give u(d).
15
Let j(a) = 4*a**3 + 4*a**2 - 3*a. Let n(m) = 11*m**3 + 11*m**2 - 8*m. Let c(f) = -8*j(f) + 3*n(f). Let s = 55589 - 55592. Give c(s).
-18
Suppose -4*k - 2*m - 18 = 0, -3*k = -3*m - 51 + 60. Let d(h) = 5*h - 22. Calculate d(k).
-42
Let s(m) = -2*m + 3. Let z = -39 + 38. Let f be 1 - (3/(-3))/z. Suppose -o = -f*o - 5*x, -5*o + 29 = 4*x. What is s(o)?
-7
Let u = -8115 + 8127. Let t(r) = 4*r - 53. Determine t(u).
-5
Let o(l) = -68*l - 1230. Suppose -4*b - 26 = 3*i - 8, 4*b = i + 54. Give o(i).
-6
Let x(a) = 5*a**3 + 16*a**2 - 13*a - 10. Let d(c) = 2*c**3 + 5*c**2 - 4*c - 3. Let b(j) = -8*d(j) + 3*x(j). Suppose 62*w - 60*w = 14. Calculate b(w).
-6
Let o(v) be the second derivative of -v**5/20 - v**3/6 - 9*v**2/2 - 4*v - 22. Determine o(-4).
59
Suppose -39*j = 12*j + 714. Let y(w) = -3*w - 13. Determine y(j).
29
Suppose 0 = -3*x - y - 8, x - 16 = 3*y - 8*y. Let i(w) = -17*w**2 + 9*w + 5. Let d(o) = 3*o**2 - 2*o - 1. Let f(n) = -11*d(n) - 2*i(n). What is f(x)?
1
Let j(i) be the second derivative of i**3/6 + i**2/2 - 269*i - 1. Determine j(-2).
-1
Let w(b) = 7*b**2 + 6*b - 16. Let i(o) = 5*o**2 - 5*o + 48 - 14*o - 2*o**2 - 22*o**2. Let g(y) = 3*i(y) + 8*w(y). Give g(-12).
-20
Let r(j) = -5*j**2 + 50*j - 55. Let s be r(1). Let i(b) = b**3 + 10*b**2 + 3*b + 24. Calculate i(s).
-6
Suppose -4*w - 7 = 1. Let h be (21/14)/((-1)/w). Let n(q) = 3*q + 2. What is n(h)?
11
Let v(y) = y**2 + 3*y - 6. Suppose u - 3*u + 82 = 2*r, 0 = 3*r - 12. Let b = 15 + u. Let c = 47 - b. What is v(c)?
4
Let h(m) = 4*m - 1. Let l(q) = -10*q**3 + q**2 + 73*q + 71. Let a be l(-1). Calculate h(a).
35
Let d(k) = k**2 - 3*k + 36. Let u(o) = -o**3 + 19*o**2 + 25*o - 475. Let w be u(19). What is d(w)?
36
Let h = 8312 + -8310. Let b(v) = v**2 - v - 1. Give b(h).
1
Let p(d) = -d**3 + 4*d**2 - 3*d + 4. Let i(t) = -203*t**2 + t + 3 + 101*t**2 + 104*t**2. Let x be i(0). Determine p(x).
4
Suppose 0 = 3*o + 5*v + 40, v - 26 = 3*o - v. Let z be (18/45)/(1 - (-6)/o). Let r(j) = -j - 4. Let q(m) = m + 5. Let f(i) = 5*q(i) + 6*r(i). Calculate f(z).
0
Let m(g) = -8*g**3 + 9*g**3 - 10*g**2 + 15 - 25 + 23 + 13*g - 7*g. Determine m(9).
-14
Suppose -130*i = -129*i - 4*g - 10, 0 = i + 4*g + 22. Let c(j) = 6*j + 26. Give c(i).
-10
Let w be (2 - (-1 + 5))/((-6)/96). Suppose -w*x + 22*x = 0. Let m(j) = j**3 - j**2 + j - 16. Calculate m(x).
-16
Let s(u) = 5*u**2 + 3*u - 4. Let l(v) = -348*v - 694. Let d be l(-2). Determine s(d).
22
Let t(s) be the second derivative of 7*s**3/3 + 21*s**2 - 1244*s + 2. Give t(-4).
-14
Let o = -3 - -15. Let q = 11 - o. Let c(p) = 11*p**3 + 4*p**2 + 10*p + 1. Let j(a) = -9*a**3 - 3*a**2 - 8*a - 1. Let d(i) = 3*c(i) + 4*j(i). Give d(q).
4
Let c(z) = -z**2 - 2*z. Let f = 283 - 267. Suppose 25*i - f*i = -54. What is c(i)?
-24
Let r(d) = 6*d - 2. Let t be -3*(384/(-36) - -13). Give r(t).
-44
Let t(i) = -i**3 - 8*i**2 - 12*i - 8. Let c(h) = -5*h**3 + 7*h**2 - h + 10. Let l be c(2). Give t(l).
-24
Let z(l) = l - 3. Let h be z(8). Suppose 5*f - 4*u = 398, -148 = -3*f + h*u + 83. Let a = f + -79. Let y(j) = j - 3. What is y(a)?
0
Suppose -5*z + 3*j + 77 = 0, -4621*z + 2*j - 88 = -4625*z. Let u(w) = -w**3 + 20*w**2 - 15*w - 47. Calculate u(z).
29
Let g(v) = 42*v - 2. Let n(s) = -s**2 - 88*s - 71. Let i(a) = -3*g(a) - n(a). Determine i(2).
5
Let z be ((-4)/5)/((-13)/65). Let n(v) = 2*v - 1. Let l(g) = -1. Let r(p) = z*l(p) - 2*n(p). Let s(q) = q**3 + 8*q**2 + 2*q + 14. Let m be s(-8). Give r(m).
6
Let v(p) = 50 + 413*p**2 - 24*p - 137*p**2 - 133*p**2 - 141*p**2. What is v(10)?
10
Let m(a) = -a**2 + 5*a + 19. Let o = -210 + 213. Suppose -18 = -3*t + o. Give m(t).
5
Let n = -2 - -1. Let y(d) be the third derivative of 11*d**6/120 - d**5/60 + d**4/24 + d**3/6 + 58566*d**2. Give y(n).
-12
Let d(w) be the second derivative of 0 - 1/3*w**3 - 7/2*w**2 + 61*w. Calculate d(7).
-21
Let n(h) = 2*h + 9. Let t be n(1). Let u(y) = -y - 29 + 3 + 11 + t + 9. Determine u(4).
1
Let j(x) = x**3 + 8*x**2 + 12*x - 9. Suppose -50 = 5*h + 5*c, -14*h + 13*h = -4*c - 15. Give j(h).
6
Let p(m) = -29*m - 20. Let g be p(-7). Suppose -4*c = 4*n - 5*c + g, -2*c - 104 = 2*n. Let o = n - -46. Let v(q) = q. Determine v(o).
-1
Let t(p) = 3*p + 2. Suppose 164*n - 167*n = -111. Let b = n + -36. What is t(b)?
5
Suppose -5*j = o - 3*o - 117, -71 = -3*j + 2*o. Let p(b) = b**2 - 23*b - 4. Give p(j).
-4
Let j(i) = -324*i + 126. Let n(x) = -77*x + 31. Let m(r) = 5*j(r) - 21*n(r). Calculate m(-6).
-3
Let v = 75 - 59. Suppose 3 = -3*c - 3*n - 3, 3*c + v = -n. Let g(d) = -d**3 - 8*d**2 - 7*d + 9. What is g(c)?
9
Let o(j) = 2*j - 4. Let k(t) = 7*t - 18. Let f be k(3). Suppose 4*v + 16 = -0, 0 = -h + f*v + 36. Suppose 4*d + 4*m - h = 0, 5*d - 12 = -0*d + m. Give o(d).
2
Let h(t) be the third derivative of t**6/60 - t**5/60 + 5*t**4/24 - t**3/2 + 6*t**2 - 19*t. Give h(2).
19
Let h(i) = 16*i + 2. Let g(s) = 123*s + 83. Let k(w) = g(w) - 7*h(w). Calculate k(-6).
3
Let p(w) = w**2 - 4*w + 5. Let z(o) = -2 + 6 - 1 + 5*o + 1 - o**3 - 4*o**2. Let n be z(-5). Give p(n).
5
Let y(x) = 2*x + 17. Let q(n) = 3*n + 33. Suppose 5*i + 101 = 116. Let b(a) = i*q(a) - 5*y(a). Determine b(11).
3
Let g(k) = 1614 - k**2 - 810 + 9*k - 827. What is g(8)?
-15
Let t(m) = -3*m**3 + 6*m**2 - 4*m - 7. Let b(g) = 4*g**3 - 7*g**2 + 4*g + 7. Let j = 223 - 227. Let f(o) = j*b(o) - 5*t(o). Give f(-3).
4
Let f(i) be the second derivative of i**4/12 + i**3/6 - 5*i**2/2 + 25*i. Let m = 181 - 181. Determine f(m).
-5
Let g = 10231 - 10238. Let f(p) = 9*p + 3. What is f(g)?
-60
Let x(j) be the second derivative of j**5/20 - 4*j**4/3 + 31*j**3/6 - 21*j**2 + 1009*j. Determine x(14).
0
Let l(b) be the third derivative of -b**6/120 - b**5/30 + 25*b**2. Let z be l(-1). Let d be -3 - -3 - (z + -6 + -1). Let w(q) = -q + 11. Determine w(d).
3
Let g(x) = 6*x + 32. Let a(n) = -n**3 + 74*n**2 - 124*n - 1456. Let l be a(72). What is g(l)?
-64
Let i(c) be the third derivative of c**5/60 - 7*c**4/24 - 7*c**3/3 - 2*c**2 + 282*c - 2. Give i(-6).
64
Let i(d) = -16*d - 260. Let n be (-6 + 62/10)*560/21*-3. Calculate i(n).
-4
Suppose -2*t + 25 = 3*t. Let i(y) be the first derivative of 2*y**3/3 - 11*y**2/2 + 2*y + 44712. Calculate i(t).
-3
Let y be 2/((-945)/72 - -13). Let k(w) = w**3 + 15*w**2 - 20*w + 17. What is k(y)?
81
Suppose l = -3*q + 22, 3*l - 24 = -5*q + 3*q. Let u(w) be the third derivative of 17*w**2 - 1/15*w**5 + 0*w + 0 - 1/120*w**q + 5/24*w**4 - w**3. What is u(-5)?
-6
Let n(t) = -5*t + 4. Let y(z) = z + 1. Let j(g) = 2*n(g) - 6*y(g). Let m be j(2). Let u = -31 - m. Let h(o) = -9*o. Give h(u).
9
Let c(n) be the third derivative of n**4/24 + n**3/3 + 228*n**2 - 2. Suppose -q + 5*k = 1 - 2, -4*k = -3*q + 36. Calculate c(q).
18
Let w(g) = g**3 - 8*g**2 - 78*g + 537. Let m be w(6). Let b(u) = 142*u + 422. Calculate b(m).
-4
Let f be (-4)/(-5)*(110/20 - 3). Let b(q) = 11*q**2 + q**3 - 2*q**2 + 10*q + 0 + 2 + f. Give b(-7).
32
Let m(z) = -8*z. Suppose 4*y + 52 + 292 = 0. Let q = y + 92. Suppose 0 = t - q + 5. What is m(t)?
-8
Let o(n) = n**3 - 3*n**2 + n - 3. Let h be (-4*(12 + 3645/(-300)))/(2/10). Determine o(h).
0
Suppose -3*c + 5 = 5*v - 8, -4*c = -5*v